r?
True
Let g = -291 - -277. Is 6/g - (-5)/((-140)/(-67408)) a composite number?
True
Is 1126797/147*4*(-14)/(-8) a prime number?
True
Suppose -4*k + 0*k + 28 = 4*z, -2*k - 6 = -3*z. Suppose -165234 = -k*d - 3*t, -4*d + 93106 = 2*t - 127200. Suppose 8*u - 13*u = -d. Is u a composite number?
True
Suppose 4*c - 12 = 6*c. Let u = 10 + c. Suppose 6925 = -u*r + 9*r. Is r composite?
True
Let a = -220 + 222. Let j(l) = 2829*l**2 - 9*l + 11. Is j(a) composite?
True
Suppose -2041*d + 628966 = -2015*d. Is d a composite number?
True
Let y(f) = 2*f**2 - 3*f + 266519. Let v be y(0). Is (v/22)/((-3)/(-6)) a composite number?
False
Let i(o) = -5*o**3 - 75*o**2 - 148*o - 31. Is i(-44) a prime number?
False
Suppose -n - 3*f + 79 - 48 = 0, 0 = 4*f - 16. Is (-159)/(n/(-15) + (-8)/(-12)) a composite number?
True
Suppose 4*d = 2*j + 509502, 118813 = d - 2*j - 8570. Is d a prime number?
True
Suppose -208 = -12*f - 16. Suppose 2*b - 12*w = -f*w + 402, 3*w + 648 = 3*b. Is b a prime number?
True
Let q(w) = 3226*w**2 - 4*w - 3. Suppose -t - 3 = 2*t - a, 0 = -4*t + a - 4. Is q(t) a composite number?
True
Is (6/3)/(-10 + (-1274472)/(-127446)) a prime number?
False
Let y(x) = -x**2 - 105. Let p be y(0). Let t = 248 + p. Suppose -6*c + t = -5*c. Is c a composite number?
True
Let k(j) = j**3 + 10*j**2 + 3*j - 10. Let m be k(-6). Let r = 527 - m. Is r a composite number?
True
Is 223910 + (-3525)/525 + 2/(-7) composite?
False
Suppose 0 = 4*n - 15 - 5. Suppose 3*z + 26 = -0*z - 5*d, 0 = -4*z - d - 29. Is (-2541)/z - (0 + n) a prime number?
False
Let z be 3623/(-5) - 9/(-15). Let t = z + 1091. Suppose -3*x = -2*f - 3779, -1622 + t = -x - 4*f. Is x composite?
False
Suppose 708 = -4*n + 3*r + 26554, 4*r = -4*n + 25860. Is n a composite number?
True
Suppose 3*b + 10899 = 3*u, 10291 + 612 = 3*u - 5*b. Is u prime?
True
Let w = 89 - 87. Suppose -3*b - 5 = w*b. Is (1169 - 4) + 1 - (b - 2) prime?
False
Let k = -9078 + 14528. Let o = k + 867. Suppose 3*n + o = 4*a, 774 + 797 = a + 2*n. Is a a prime number?
False
Let c = -69001 - -132464. Is c a prime number?
True
Is 5 - 110/25 - (-10865188)/95 a composite number?
False
Let z be -2 + (3*-1)/(15/(-30)). Suppose 3*a + 3*p - z = -a, -4*p = -16. Is (-1044)/(-8) + a/(-4) a prime number?
True
Suppose 0 = 4*l - 2*l. Suppose 5*n + 2*z = 2*n + 17, l = 2*n + z - 10. Suppose -97 = -5*u + 4*u - n*d, 105 = u + d. Is u prime?
True
Let s = 34106 + -22307. Suppose 3*v + p - 23909 = s, 2*p + 2 = 0. Is v prime?
True
Let q(m) = -m**3 - 6*m**2 - 10*m - 22. Let r be q(-5). Suppose -15 - r = 3*u. Is (-45058)/(-12) + 11/u + 2 composite?
True
Let b(i) = -66*i**2 + 8*i + 23. Let s be b(11). Let p = -3308 - s. Let h = p + -2858. Is h a composite number?
False
Let k be 33423/18 + -6*(-4)/144. Suppose -7*x - 9210 = -5*i - 2*x, i - k = -2*x. Is i a prime number?
True
Suppose 2*w = -2*c + 1060, 0 = -2*c - w + 202 + 862. Suppose 3*v - 403 = b, -c = -4*v + 3*b - 5*b. Is v/4*(3 + (-3)/(-1)) a prime number?
False
Let m be (0/(-6 + 4))/(5 - 3). Suppose m = -6*v - 8*v + 15134. Is v composite?
True
Let h = -195 - -190. Is (-1630)/((-35)/5 - h) a composite number?
True
Suppose -2*i - 5*r - 16 + 0 = 0, 10 = -2*i - 2*r. Is 6013 + i*4/3 prime?
False
Let s(n) = 84*n**2 + 3*n + 2. Let z be s(-4). Suppose r + g - 667 = 0, 2*r + 0*r - 5*g = z. Is r prime?
False
Let b(l) = 39802*l - 17133. Is b(48) prime?
False
Suppose 14*j = 131593 + 93303. Suppose 2*w = 3*q + j + 3260, 3*w - 28986 = 2*q. Is w a prime number?
False
Let v(d) = 5*d**3 + 35*d**2 + 12*d - 65. Let n(b) = 14*b**3 + 103*b**2 + 35*b - 194. Let j(f) = -6*n(f) + 17*v(f). Is j(26) composite?
False
Let m = 31603 - -1146. Is m composite?
False
Let f(c) = -6*c**3 + 6*c**2 - 7*c + 3. Let h be f(5). Let o = h - -359. Let b = 946 + o. Is b a composite number?
False
Let b(r) = -21*r + 6. Let n be b(0). Suppose 9*s - 49143 = n*s - l, 5*l - 49143 = -3*s. Is s a composite number?
False
Suppose 2*q + 4*i - 265798 = -77136, 2*i = 10. Is q prime?
True
Suppose -729*a + 736*a = -105. Let w(d) be the first derivative of 8*d**3/3 - 3*d**2 + 31*d + 1. Is w(a) a composite number?
True
Suppose 19*f = 2*a + 20*f - 120063, 3*f + 60014 = a. Is a prime?
True
Suppose -3*r - 4*g = r + 36, 3*r - g + 7 = 0. Is r/(-7) + 95548/(-112)*-4 prime?
True
Let r(j) = 354*j - 2. Let f be r(3). Let y(z) = -94*z + 944. Let t be y(10). Suppose -f = -t*p + 816. Is p a composite number?
True
Let z(t) = 3*t**3 - 49*t**2 - 16*t - 14. Let s(p) = p**3 - 16*p**2 - 5*p - 5. Let n(v) = -7*s(v) + 2*z(v). Is n(12) prime?
True
Suppose 0 = -3*d + 3, 5*d + 4363 - 1008 = 3*h. Suppose -2*g + 694 + h = 0. Is g composite?
False
Let y = -463102 - -762203. Is y a composite number?
True
Let i = 409358 + -199677. Is i composite?
True
Suppose 2735608 = 138*z - 4830794. Is z a composite number?
False
Suppose 3*l - 469 = -0*b + 2*b, b + 238 = -2*l. Is (-177)/b + 1505/4 a composite number?
True
Let d(k) = 138*k**2 + 47*k + 55. Is d(18) a composite number?
False
Let n = 1156 + -466. Let l = 1685 - n. Suppose -l + 3700 = 5*m. Is m prime?
True
Suppose 0 = -2*h - 2*m + 19276, -6*h + h + 5*m + 48230 = 0. Let z = h - 4489. Is z composite?
False
Suppose -5*q + 131 = -5*s + 14641, 5774 = 2*s + 4*q. Is s composite?
False
Let j = 28667 + -14148. Is j a composite number?
False
Suppose 4*y + 4*i = 265196, 24*i = 19*i + 20. Is y a composite number?
True
Suppose 2*y + 24 = 4*v - 0*v, -4*y + 12 = 2*v. Suppose -47220 = -18*r + v*r. Is r composite?
True
Let u(a) = 218*a**2 - 12*a - 45. Let b(h) = 217*h**2 - 11*h - 45. Let o(j) = 5*b(j) - 4*u(j). Let t be o(-5). Suppose 3*r - t + 248 = 0. Is r a prime number?
False
Let p be 26/39 - (-2720)/6. Suppose -3*m = 1765 - p. Let q = 874 + m. Is q prime?
False
Let m(h) = -300*h - 18. Let l be m(-5). Let y be (-1 + 2 + -1)/(1 - 2). Is l - (y + (-1)/(-1)) a prime number?
True
Let o = -2328 - 7561. Let j = o + 23012. Is j a composite number?
True
Suppose g - 13130 = -k, 2*g + 617*k = 620*k + 26215. Is g a prime number?
True
Let v(k) = -3*k**3 - k**2 + 4*k + 3. Let j be v(-2). Suppose -y + 0 + 1 = 0, -2*b + 3*y + j = 0. Let t(w) = w**3 - 7*w**2 + 4*w + 13. Is t(b) a prime number?
True
Let b(l) be the third derivative of -135*l**4/8 - 17*l**3/6 - 17*l**2. Let c be b(5). Let z = -1257 - c. Is z composite?
True
Suppose 0 = 121*v + 4428721 - 6894505 - 9189299. Is v prime?
True
Is 24/132 - (-2084694)/22 composite?
True
Is (-36 - -26) + (-298347)/(-7) a composite number?
False
Suppose 4 + 20 = -8*n. Let g be ((-42)/(-4))/(n/(-92)). Is 1*2/(4/g + 0) a prime number?
False
Suppose 5*d + y - 4483581 = 0, d + 970*y = 968*y + 896709. Is d composite?
False
Let j be 13/2 + 6/(-4). Suppose -g = 3*g + 5*o + 3059, -o + 3802 = -j*g. Let p = -538 - g. Is p a prime number?
True
Let k(t) = 38*t**3 - t**2 + 11*t - 33. Let r(i) = -25*i**3 + i**2 - 8*i + 22. Let x(n) = 5*k(n) + 7*r(n). Is x(8) a composite number?
False
Let v = 287607 - 25993. Is v a prime number?
False
Suppose -2040714 = -45*c + 42*c + 3*b, -c = 2*b - 680235. Is c composite?
False
Is 3/6 + 12/8 + (33 - 4) composite?
False
Let a(m) = 1081*m**3 - 16*m**2 + 15*m - 68. Is a(6) a prime number?
False
Suppose -570*r + 9235196 = -25955761 - 10096113. Is r prime?
True
Let g(b) = 14713*b - 2284. Is g(17) prime?
False
Suppose -4*z + 3*t = -1112560, 4*z - 882101 = t + 230467. Is z composite?
False
Suppose 5*j - 2751537 = -3*p, 0 = -36*j + 35*j + p + 550317. Is j composite?
True
Let q = -465 + 475. Suppose -14*d + 120124 = -q*d. Is d a prime number?
False
Let p(j) = -843*j - 2. Let c be p(-3). Suppose 0 = 2*f + k - 2219, -5*f - 4*k + c = -3016. Is f composite?
True
Suppose 0 = -18*a - 933 - 597. Let i = a + 96. Suppose -i*h + 19860 = 3173. Is h a prime number?
False
Let r = 6526 - 6780. Suppose 0 = 3*c - c - 1550. Let o = c + r. Is o a prime number?
True
Let b(n) = n**2 - 10*n + 56. Let v be b(7). Suppose 0 = -v*w + 36*w - 4871. Is w a composite number?
False
Suppose -8*h = -8804 - 7100. Let u = h + -1127. Is 2/(-6)*2 - u/(-9) composite?
True
Let m(g) = 8*g**2 + 330. Let v be m(0). Let d = v + 3103. Is d a composite number?
False
Suppose 4640999 = 4*u + o, -25*u + 29*u - 5*o - 4641029 = 0. Is u a composite number?
False
Let y be (-6)/33 - 276/(-66). Suppose 3*z = -y*o + 19, -5*o + 15 = 2*z - 0. Suppose s - 3*c = 1952, 3*c - z = 4. Is s p